{"id":2002,"date":"2023-07-10T16:24:10","date_gmt":"2023-07-10T16:24:10","guid":{"rendered":"https:\/\/camino.org\/service\/el-futuro-es-latino\/"},"modified":"2023-11-02T02:24:38","modified_gmt":"2023-11-02T02:24:38","slug":"el-futuro-es-latino","status":"publish","type":"service","link":"https:\/\/camino.org\/es\/service\/el-futuro-es-latino\/","title":{"rendered":"El Futuro Es Latino"},"content":{"rendered":"\n<p class=\"wp-block-paragraph\">Hay un cambio ocurriendo en Estados Unidos. Las familias blancas tienen un promedio de 1,7 hijos; las familias latinas tienen un promedio de 4,3 hijos. <em>El futuro es latino<\/em>. La edad promedio de una persona blanca en Estados Unidos es de 58 a\u00f1os; la edad promedio de los latinos es de 11 a\u00f1os. <em>El futuro es latino<\/em>, y no est\u00e1 lejos. Con valores de fe, familia y una \u00e9tica de trabajo sin igual, los latinos son los h\u00e9roes que nuestro pa\u00eds necesita. Solo necesitan una cosa: <em>un camino<\/em>. Por eso, nuestra visi\u00f3n es hacer de Carolina del Norte el mejor lugar para que los latinos vivan, trabajen y llamen hogar.<\/p>\n","protected":false},"excerpt":{"rendered":"<p>Hay un cambio ocurriendo en Estados Unidos. Las familias blancas tienen un promedio de 1,7 hijos; las familias latinas tienen un promedio de 4,3 hijos. El futuro es latino. La edad promedio de una persona blanca en Estados Unidos es de 58 a\u00f1os; la edad promedio de los latinos es de 11 a\u00f1os. El futuro es latino, y no est\u00e1 lejos. Con valores de fe, familia y una \u00e9tica de trabajo sin igual, los latinos son los h\u00e9roes que nuestro pa\u00eds necesita. Solo necesitan una cosa: un camino. Por eso, nuestra visi\u00f3n es hacer de Carolina del Norte el mejor lugar para que los latinos vivan, trabajen y llamen hogar.<\/p>\n","protected":false},"featured_media":2001,"template":"","class_list":["post-2002","service","type-service","status-publish","has-post-thumbnail","hentry"],"acf":[],"yoast_head":"<!-- This site is optimized with the Yoast SEO plugin v28.3 - https:\/\/yoast.com\/product\/yoast-seo-wordpress\/ -->\n<title>El Futuro Es Latino - Camino<\/title>\n<meta name=\"robots\" content=\"index, follow, max-snippet:-1, max-image-preview:large, max-video-preview:-1\" \/>\n<link rel=\"canonical\" href=\"https:\/\/camino.org\/es\/service\/el-futuro-es-latino\/\" \/>\n<meta property=\"og:locale\" content=\"es_ES\" \/>\n<meta property=\"og:type\" content=\"article\" \/>\n<meta property=\"og:title\" content=\"El Futuro Es Latino - Camino\" \/>\n<meta property=\"og:description\" content=\"Hay un cambio ocurriendo en Estados Unidos. Las familias blancas tienen un promedio de 1,7 hijos; las familias latinas tienen un promedio de 4,3 hijos. El futuro es latino. La edad promedio de una persona blanca en Estados Unidos es de 58 a\u00f1os; la edad promedio de los latinos es de 11 a\u00f1os. El futuro es latino, y no est\u00e1 lejos. Con valores de fe, familia y una \u00e9tica de trabajo sin igual, los latinos son los h\u00e9roes que nuestro pa\u00eds necesita. Solo necesitan una cosa: un camino. Por eso, nuestra visi\u00f3n es hacer de Carolina del Norte el mejor lugar para que los latinos vivan, trabajen y llamen hogar.\" \/>\n<meta property=\"og:url\" content=\"https:\/\/camino.org\/es\/service\/el-futuro-es-latino\/\" \/>\n<meta property=\"og:site_name\" content=\"Camino\" \/>\n<meta property=\"article:modified_time\" content=\"2023-11-02T02:24:38+00:00\" \/>\n<meta property=\"og:image\" content=\"https:\/\/camino.org\/wp-content\/uploads\/2023\/07\/IMG_7961-jpg.webp\" \/>\n\t<meta property=\"og:image:width\" content=\"828\" \/>\n\t<meta property=\"og:image:height\" content=\"598\" \/>\n\t<meta property=\"og:image:type\" content=\"image\/jpeg\" \/>\n<meta name=\"twitter:card\" content=\"summary_large_image\" \/>\n<meta name=\"twitter:label1\" content=\"Tiempo de lectura\" \/>\n\t<meta name=\"twitter:data1\" content=\"1 minuto\" \/>\n<script type=\"application\/ld+json\" class=\"yoast-schema-graph\">{\"@context\":\"https:\\\/\\\/schema.org\",\"@graph\":[{\"@type\":\"WebPage\",\"@id\":\"https:\\\/\\\/camino.org\\\/es\\\/service\\\/el-futuro-es-latino\\\/\",\"url\":\"https:\\\/\\\/camino.org\\\/es\\\/service\\\/el-futuro-es-latino\\\/\",\"name\":\"El Futuro Es Latino - Camino\",\"isPartOf\":{\"@id\":\"https:\\\/\\\/camino.org\\\/#website\"},\"primaryImageOfPage\":{\"@id\":\"https:\\\/\\\/camino.org\\\/es\\\/service\\\/el-futuro-es-latino\\\/#primaryimage\"},\"image\":{\"@id\":\"https:\\\/\\\/camino.org\\\/es\\\/service\\\/el-futuro-es-latino\\\/#primaryimage\"},\"thumbnailUrl\":\"https:\\\/\\\/i0.wp.com\\\/camino.org\\\/wp-content\\\/uploads\\\/2023\\\/07\\\/IMG_7961-jpg.webp?fit=828%2C598&ssl=1\",\"datePublished\":\"2023-07-10T16:24:10+00:00\",\"dateModified\":\"2023-11-02T02:24:38+00:00\",\"breadcrumb\":{\"@id\":\"https:\\\/\\\/camino.org\\\/es\\\/service\\\/el-futuro-es-latino\\\/#breadcrumb\"},\"inLanguage\":\"es\",\"potentialAction\":[{\"@type\":\"ReadAction\",\"target\":[\"https:\\\/\\\/camino.org\\\/es\\\/service\\\/el-futuro-es-latino\\\/\"]}]},{\"@type\":\"ImageObject\",\"inLanguage\":\"es\",\"@id\":\"https:\\\/\\\/camino.org\\\/es\\\/service\\\/el-futuro-es-latino\\\/#primaryimage\",\"url\":\"https:\\\/\\\/i0.wp.com\\\/camino.org\\\/wp-content\\\/uploads\\\/2023\\\/07\\\/IMG_7961-jpg.webp?fit=828%2C598&ssl=1\",\"contentUrl\":\"https:\\\/\\\/i0.wp.com\\\/camino.org\\\/wp-content\\\/uploads\\\/2023\\\/07\\\/IMG_7961-jpg.webp?fit=828%2C598&ssl=1\",\"width\":828,\"height\":598},{\"@type\":\"BreadcrumbList\",\"@id\":\"https:\\\/\\\/camino.org\\\/es\\\/service\\\/el-futuro-es-latino\\\/#breadcrumb\",\"itemListElement\":[{\"@type\":\"ListItem\",\"position\":1,\"name\":\"Home\",\"item\":\"https:\\\/\\\/camino.org\\\/es\\\/\"},{\"@type\":\"ListItem\",\"position\":2,\"name\":\"El Futuro Es Latino\"}]},{\"@type\":\"WebSite\",\"@id\":\"https:\\\/\\\/camino.org\\\/#website\",\"url\":\"https:\\\/\\\/camino.org\\\/\",\"name\":\"Camino\",\"description\":\"A bilingual and multicultural health center that provides excellent and affordable integrated care to the underinsured and uninsured populations.\",\"publisher\":{\"@id\":\"https:\\\/\\\/camino.org\\\/#organization\"},\"potentialAction\":[{\"@type\":\"SearchAction\",\"target\":{\"@type\":\"EntryPoint\",\"urlTemplate\":\"https:\\\/\\\/camino.org\\\/?s={search_term_string}\"},\"query-input\":{\"@type\":\"PropertyValueSpecification\",\"valueRequired\":true,\"valueName\":\"search_term_string\"}}],\"inLanguage\":\"es\"},{\"@type\":\"Organization\",\"@id\":\"https:\\\/\\\/camino.org\\\/#organization\",\"name\":\"Camino\",\"alternateName\":\"Camino\",\"url\":\"https:\\\/\\\/camino.org\\\/\",\"logo\":{\"@type\":\"ImageObject\",\"inLanguage\":\"es\",\"@id\":\"https:\\\/\\\/camino.org\\\/#\\\/schema\\\/logo\\\/image\\\/\",\"url\":\"https:\\\/\\\/camino.org\\\/wp-content\\\/uploads\\\/2023\\\/06\\\/logo-color.svg\",\"contentUrl\":\"https:\\\/\\\/camino.org\\\/wp-content\\\/uploads\\\/2023\\\/06\\\/logo-color.svg\",\"width\":199,\"height\":37,\"caption\":\"Camino\"},\"image\":{\"@id\":\"https:\\\/\\\/camino.org\\\/#\\\/schema\\\/logo\\\/image\\\/\"},\"sameAs\":[\"https:\\\/\\\/instagram.com\\\/camino.stories?igshid=MzRlODBiNWFlZA==\",\"https:\\\/\\\/www.linkedin.com\\\/company\\\/caminohealthcenter\\\/mycompany\\\/verification\\\/\",\"https:\\\/\\\/www.youtube.com\\\/@caminostories2588\\\/videos\"]}]}<\/script>\n<!-- \/ Yoast SEO plugin. -->","yoast_head_json":{"title":"El Futuro Es Latino - Camino","robots":{"index":"index","follow":"follow","max-snippet":"max-snippet:-1","max-image-preview":"max-image-preview:large","max-video-preview":"max-video-preview:-1"},"canonical":"https:\/\/camino.org\/es\/service\/el-futuro-es-latino\/","og_locale":"es_ES","og_type":"article","og_title":"El Futuro Es Latino - Camino","og_description":"Hay un cambio ocurriendo en Estados Unidos. Las familias blancas tienen un promedio de 1,7 hijos; las familias latinas tienen un promedio de 4,3 hijos. El futuro es latino. La edad promedio de una persona blanca en Estados Unidos es de 58 a\u00f1os; la edad promedio de los latinos es de 11 a\u00f1os. El futuro es latino, y no est\u00e1 lejos. Con valores de fe, familia y una \u00e9tica de trabajo sin igual, los latinos son los h\u00e9roes que nuestro pa\u00eds necesita. Solo necesitan una cosa: un camino. Por eso, nuestra visi\u00f3n es hacer de Carolina del Norte el mejor lugar para que los latinos vivan, trabajen y llamen hogar.","og_url":"https:\/\/camino.org\/es\/service\/el-futuro-es-latino\/","og_site_name":"Camino","article_modified_time":"2023-11-02T02:24:38+00:00","og_image":[{"width":828,"height":598,"url":"https:\/\/camino.org\/wp-content\/uploads\/2023\/07\/IMG_7961-jpg.webp","type":"image\/jpeg"}],"twitter_card":"summary_large_image","twitter_misc":{"Tiempo de lectura":"1 minuto"},"schema":{"@context":"https:\/\/schema.org","@graph":[{"@type":"WebPage","@id":"https:\/\/camino.org\/es\/service\/el-futuro-es-latino\/","url":"https:\/\/camino.org\/es\/service\/el-futuro-es-latino\/","name":"El Futuro Es Latino - Camino","isPartOf":{"@id":"https:\/\/camino.org\/#website"},"primaryImageOfPage":{"@id":"https:\/\/camino.org\/es\/service\/el-futuro-es-latino\/#primaryimage"},"image":{"@id":"https:\/\/camino.org\/es\/service\/el-futuro-es-latino\/#primaryimage"},"thumbnailUrl":"https:\/\/i0.wp.com\/camino.org\/wp-content\/uploads\/2023\/07\/IMG_7961-jpg.webp?fit=828%2C598&ssl=1","datePublished":"2023-07-10T16:24:10+00:00","dateModified":"2023-11-02T02:24:38+00:00","breadcrumb":{"@id":"https:\/\/camino.org\/es\/service\/el-futuro-es-latino\/#breadcrumb"},"inLanguage":"es","potentialAction":[{"@type":"ReadAction","target":["https:\/\/camino.org\/es\/service\/el-futuro-es-latino\/"]}]},{"@type":"ImageObject","inLanguage":"es","@id":"https:\/\/camino.org\/es\/service\/el-futuro-es-latino\/#primaryimage","url":"https:\/\/i0.wp.com\/camino.org\/wp-content\/uploads\/2023\/07\/IMG_7961-jpg.webp?fit=828%2C598&ssl=1","contentUrl":"https:\/\/i0.wp.com\/camino.org\/wp-content\/uploads\/2023\/07\/IMG_7961-jpg.webp?fit=828%2C598&ssl=1","width":828,"height":598},{"@type":"BreadcrumbList","@id":"https:\/\/camino.org\/es\/service\/el-futuro-es-latino\/#breadcrumb","itemListElement":[{"@type":"ListItem","position":1,"name":"Home","item":"https:\/\/camino.org\/es\/"},{"@type":"ListItem","position":2,"name":"El Futuro Es Latino"}]},{"@type":"WebSite","@id":"https:\/\/camino.org\/#website","url":"https:\/\/camino.org\/","name":"Camino","description":"A bilingual and multicultural health center that provides excellent and affordable integrated care to the underinsured and uninsured populations.","publisher":{"@id":"https:\/\/camino.org\/#organization"},"potentialAction":[{"@type":"SearchAction","target":{"@type":"EntryPoint","urlTemplate":"https:\/\/camino.org\/?s={search_term_string}"},"query-input":{"@type":"PropertyValueSpecification","valueRequired":true,"valueName":"search_term_string"}}],"inLanguage":"es"},{"@type":"Organization","@id":"https:\/\/camino.org\/#organization","name":"Camino","alternateName":"Camino","url":"https:\/\/camino.org\/","logo":{"@type":"ImageObject","inLanguage":"es","@id":"https:\/\/camino.org\/#\/schema\/logo\/image\/","url":"https:\/\/camino.org\/wp-content\/uploads\/2023\/06\/logo-color.svg","contentUrl":"https:\/\/camino.org\/wp-content\/uploads\/2023\/06\/logo-color.svg","width":199,"height":37,"caption":"Camino"},"image":{"@id":"https:\/\/camino.org\/#\/schema\/logo\/image\/"},"sameAs":["https:\/\/instagram.com\/camino.stories?igshid=MzRlODBiNWFlZA==","https:\/\/www.linkedin.com\/company\/caminohealthcenter\/mycompany\/verification\/","https:\/\/www.youtube.com\/@caminostories2588\/videos"]}]}},"_links":{"self":[{"href":"https:\/\/camino.org\/es\/wp-json\/wp\/v2\/service\/2002","targetHints":{"allow":["GET"]}}],"collection":[{"href":"https:\/\/camino.org\/es\/wp-json\/wp\/v2\/service"}],"about":[{"href":"https:\/\/camino.org\/es\/wp-json\/wp\/v2\/types\/service"}],"version-history":[{"count":0,"href":"https:\/\/camino.org\/es\/wp-json\/wp\/v2\/service\/2002\/revisions"}],"wp:featuredmedia":[{"embeddable":true,"href":"https:\/\/camino.org\/es\/wp-json\/wp\/v2\/media\/2001"}],"wp:attachment":[{"href":"https:\/\/camino.org\/es\/wp-json\/wp\/v2\/media?parent=2002"}],"curies":[{"name":"wp","href":"https:\/\/api.w.org\/{rel}","templated":true}]}}

<p class="wp-block-paragraph">Hay un cambio ocurriendo en Estados Unidos. Las familias blancas tienen un promedio de 1,7 hijos; las familias latinas tienen un promedio de 4,3 hijos. <em>El futuro es latino</em>. La edad promedio de una persona blanca en Estados Unidos es de 58 años; la edad promedio de los latinos es de 11 años. <em>El futuro es latino</em>, y no está lejos. Con valores de fe, familia y una ética de trabajo sin igual, los latinos son los héroes que nuestro país necesita. Solo necesitan una cosa: <em>un camino</em>. Por eso, nuestra visión es hacer de Carolina del Norte el mejor lugar para que los latinos vivan, trabajen y llamen hogar.</p>

<p>Hay un cambio ocurriendo en Estados Unidos. Las familias blancas tienen un promedio de 1,7 hijos; las familias latinas tienen un promedio de 4,3 hijos. El futuro es latino. La edad promedio de una persona blanca en Estados Unidos es de 58 años; la edad promedio de los latinos es de 11 años. El futuro es latino, y no está lejos. Con valores de fe, familia y una ética de trabajo sin igual, los latinos son los héroes que nuestro país necesita. Solo necesitan una cosa: un camino. Por eso, nuestra visión es hacer de Carolina del Norte el mejor lugar para que los latinos vivan, trabajen y llamen hogar.</p>

<!-- This site is optimized with the Yoast SEO plugin v28.3 - https://yoast.com/product/yoast-seo-wordpress/ -->
<title>El Futuro Es Latino - Camino</title>
<meta name="robots" content="index, follow, max-snippet:-1, max-image-preview:large, max-video-preview:-1" />
<link rel="canonical" href="https://camino.org/es/service/el-futuro-es-latino/" />
<meta property="og:locale" content="es_ES" />
<meta property="og:type" content="article" />
<meta property="og:title" content="El Futuro Es Latino - Camino" />
<meta property="og:description" content="Hay un cambio ocurriendo en Estados Unidos. Las familias blancas tienen un promedio de 1,7 hijos; las familias latinas tienen un promedio de 4,3 hijos. El futuro es latino. La edad promedio de una persona blanca en Estados Unidos es de 58 años; la edad promedio de los latinos es de 11 años. El futuro es latino, y no está lejos. Con valores de fe, familia y una ética de trabajo sin igual, los latinos son los héroes que nuestro país necesita. Solo necesitan una cosa: un camino. Por eso, nuestra visión es hacer de Carolina del Norte el mejor lugar para que los latinos vivan, trabajen y llamen hogar." />
<meta property="og:url" content="https://camino.org/es/service/el-futuro-es-latino/" />
<meta property="og:site_name" content="Camino" />
<meta property="article:modified_time" content="2023-11-02T02:24:38+00:00" />
<meta property="og:image" content="https://camino.org/wp-content/uploads/2023/07/IMG_7961-jpg.webp" />
	<meta property="og:image:width" content="828" />
	<meta property="og:image:height" content="598" />
	<meta property="og:image:type" content="image/jpeg" />
<meta name="twitter:card" content="summary_large_image" />
<meta name="twitter:label1" content="Tiempo de lectura" />
	<meta name="twitter:data1" content="1 minuto" />
<script type="application/ld+json" class="yoast-schema-graph">{"@context":"https:\/\/schema.org","@graph":[{"@type":"WebPage","@id":"https:\/\/camino.org\/es\/service\/el-futuro-es-latino\/","url":"https:\/\/camino.org\/es\/service\/el-futuro-es-latino\/","name":"El Futuro Es Latino - Camino","isPartOf":{"@id":"https:\/\/camino.org\/#website"},"primaryImageOfPage":{"@id":"https:\/\/camino.org\/es\/service\/el-futuro-es-latino\/#primaryimage"},"image":{"@id":"https:\/\/camino.org\/es\/service\/el-futuro-es-latino\/#primaryimage"},"thumbnailUrl":"https:\/\/i0.wp.com\/camino.org\/wp-content\/uploads\/2023\/07\/IMG_7961-jpg.webp?fit=828%2C598&ssl=1","datePublished":"2023-07-10T16:24:10+00:00","dateModified":"2023-11-02T02:24:38+00:00","breadcrumb":{"@id":"https:\/\/camino.org\/es\/service\/el-futuro-es-latino\/#breadcrumb"},"inLanguage":"es","potentialAction":[{"@type":"ReadAction","target":["https:\/\/camino.org\/es\/service\/el-futuro-es-latino\/"]}]},{"@type":"ImageObject","inLanguage":"es","@id":"https:\/\/camino.org\/es\/service\/el-futuro-es-latino\/#primaryimage","url":"https:\/\/i0.wp.com\/camino.org\/wp-content\/uploads\/2023\/07\/IMG_7961-jpg.webp?fit=828%2C598&ssl=1","contentUrl":"https:\/\/i0.wp.com\/camino.org\/wp-content\/uploads\/2023\/07\/IMG_7961-jpg.webp?fit=828%2C598&ssl=1","width":828,"height":598},{"@type":"BreadcrumbList","@id":"https:\/\/camino.org\/es\/service\/el-futuro-es-latino\/#breadcrumb","itemListElement":[{"@type":"ListItem","position":1,"name":"Home","item":"https:\/\/camino.org\/es\/"},{"@type":"ListItem","position":2,"name":"El Futuro Es Latino"}]},{"@type":"WebSite","@id":"https:\/\/camino.org\/#website","url":"https:\/\/camino.org\/","name":"Camino","description":"A bilingual and multicultural health center that provides excellent and affordable integrated care to the underinsured and uninsured populations.","publisher":{"@id":"https:\/\/camino.org\/#organization"},"potentialAction":[{"@type":"SearchAction","target":{"@type":"EntryPoint","urlTemplate":"https:\/\/camino.org\/?s={search_term_string}"},"query-input":{"@type":"PropertyValueSpecification","valueRequired":true,"valueName":"search_term_string"}}],"inLanguage":"es"},{"@type":"Organization","@id":"https:\/\/camino.org\/#organization","name":"Camino","alternateName":"Camino","url":"https:\/\/camino.org\/","logo":{"@type":"ImageObject","inLanguage":"es","@id":"https:\/\/camino.org\/#\/schema\/logo\/image\/","url":"https:\/\/camino.org\/wp-content\/uploads\/2023\/06\/logo-color.svg","contentUrl":"https:\/\/camino.org\/wp-content\/uploads\/2023\/06\/logo-color.svg","width":199,"height":37,"caption":"Camino"},"image":{"@id":"https:\/\/camino.org\/#\/schema\/logo\/image\/"},"sameAs":["https:\/\/instagram.com\/camino.stories?igshid=MzRlODBiNWFlZA==","https:\/\/www.linkedin.com\/company\/caminohealthcenter\/mycompany\/verification\/","https:\/\/www.youtube.com\/@caminostories2588\/videos"]}]}</script>
<!-- / Yoast SEO plugin. -->

Hay un cambio ocurriendo en Estados Unidos. Las familias blancas tienen un promedio de 1,7 hijos; las familias latinas tienen un promedio de 4,3 hijos. El futuro es latino. La edad promedio de una persona blanca en Estados Unidos es de 58 años; la edad promedio de los latinos es de 11 años. El futuro es latino, y no está lejos. Con valores de fe, familia y una ética de trabajo sin igual, los latinos son los héroes que nuestro país necesita. Solo necesitan una cosa: un camino. Por eso, nuestra visión es hacer de Carolina del Norte el mejor lugar para que los latinos vivan, trabajen y llamen hogar.
